
{"id":97,"date":"2025-05-30T07:19:46","date_gmt":"2025-05-30T07:19:46","guid":{"rendered":"https:\/\/es.profit.co\/?page_id=97"},"modified":"2025-07-24T09:35:42","modified_gmt":"2025-07-24T09:35:42","slug":"demo","status":"publish","type":"page","link":"https:\/\/es.profit.co\/solicitar-demostracion\/","title":{"rendered":"Solicitar Demostraci\u00f3n"},"content":{"rendered":"<p><!-- Start of HubSpot Embed Code --> <script type=\"text\/javascript\"> document.addEventListener('scroll', initHSOnEvent); document.addEventListener('mousemove', initHSOnEvent); document.addEventListener('touchstart', initHSOnEvent); function initHSOnEvent (event) { initHS(); event.currentTarget.removeEventListener(event.type, initHSOnEvent); \/\/ remove the event listener that got triggered } function initHS () { if (window.hsDidInit) { return false; } window.hsDidInit = true; const script = document.createElement('script'); script.type = 'text\/javascript'; script.id = 'hs-script-loader'; script.async = true; script.defer = true; script.setAttribute('data-cookieconsent', 'statistics'); script.src = '\/\/js-eu1.hs-scripts.com\/26299223.js'; const body = document.getElementsByTagName('body')[0]; body.insertBefore(script, body.lastElementChild.nextSibling); } <\/script><\/p>\n<style> .primary-menu-container { position: relative; background: #fff; font-family: sans-serif; } .menu-wrapper { list-style: none; display: flex; gap: 0px; padding: 0; margin: 0; } .menu-wrapper > li { position: relative; } .menu-wrapper > li > a { padding: 12px 16px; display: inline-block; text-decoration: none; color: #333; font-weight: 600; } .menu-wrapper > li:hover > a, .menu-wrapper > li > a:focus { color: #0073e6; } .sub-menu { display: none; list-style: none; position: absolute; top: 100%; left: 0; background: #fff; min-width: 220px; padding: 10px 0; box-shadow: 0 4px 12px rgba(0, 0, 0, 0.1); z-index: 1000; } .menu-item-has-children:hover > .sub-menu { display: block; } .sub-menu li { width: 100%; } .sub-menu li a {margin: 10px; border-radius: 5px; display: block; padding: 10px 20px; text-decoration: none; color: #333; white-space: nowrap; } .sub-menu li a:hover { background-color: #eaf6fb; color: #0f2235; } \/* Remove the toggle button *\/ .sub-menu-toggle { display: none !important; } ul#primary-menu-list li {padding: 0px;} .demo-header{background: #f26d21; color: #fff; box-shadow: rgba(0, 0, 0, .35) 0 5px 15px;} <\/style>\n<style> .menu-button-container {display: none;} .container.nav {justify-content: space-between;}<\/style>\n<style><span data-mce-type=\"bookmark\" style=\"display: inline-block; width: 0px; overflow: hidden; line-height: 0;\" class=\"mce_SELRES_start\">\ufeff<\/span><span data-mce-type=\"bookmark\" style=\"display: inline-block; width: 0px; overflow: hidden; line-height: 0;\" class=\"mce_SELRES_start\">\ufeff<\/span>.cta-main-effect{background:#f26d21;color:#fff;box-shadow:rgba(0,0,0,.35) 0 5px 15px;margin-bottom:10px}.cta-main-effect:hover{background:#a54107}.logo-slider{background:#fff;-webkit-box-shadow:0 0 0 0 rgba(0,0,0,.125);box-shadow:0 0 0 0 rgba(0,0,0,.125);margin:auto;overflow:hidden;position:relative;width:100%}.logo-slider::after,.logo-slider::before{background:-webkit-gradient(linear,left top,right top,from(white),to(rgba(255,255,255,0)));background:linear-gradient(to right,#fff 0,rgba(255,255,255,0) 100%);content:\"\";height:175px;position:absolute;width:200px;z-index:2}.logo-slider::after{right:0;top:0;-webkit-transform:rotateZ(180deg);transform:rotateZ(180deg)}.logo-slider::before{left:0;top:0}.logo-slider .logo-slide-track{-webkit-animation:60s linear infinite logo-scroll;animation:50s linear infinite logo-scroll;display:-webkit-box;display:-ms-flexbox;display:flex;width:calc(600px * 20)}.logo-slider .slide{height:110px;width:180px;padding:20px;text-align:center}@-webkit-keyframes logo-scroll{0%{-webkit-transform:translateX(0);transform:translateX(0)}100%{-webkit-transform:translateX(calc(-250px * 7));transform:translateX(calc(-250px * 7))}}@keyframes logo-scroll{0%{-webkit-transform:translateX(0);transform:translateX(0)}100%{-webkit-transform:translateX(calc(-250px * 7));transform:translateX(calc(-250px * 7))}}.logo-slide-track.reverse-logo{animation-direction:reverse}li.logo-intrgr{padding:30px;}ul.list-unstyled.d-flex{flex-wrap:wrap;justify-content:center} .orng-txt{color: #f26d21;} <\/style>\n<section class=\"demo-card\">\n<div class=\"container\">\n<div class=\"row justify-content-center\">\n<div class=\"col-lg-5 d-lg-block d-none me-4\">\n<div class=\"card left-demo border-0\">\n<h2 class=\"fw-bold\">Ver <span>Profit.co<\/span> en acci\u00f3n<\/h2>\n<ul class=\"demo left-side lh-lg\">\n<li>Una breve conversaci\u00f3n sobre las necesidades de tu negocio y de reportes, y c\u00f3mo tu equipo puede usar los productos de Profit.co para acelerar el crecimiento de tu empresa.<\/li>\n<li>Demostraci\u00f3n en vivo de nuestra plataforma empresarial, adaptada a tu forma de trabajar<\/li>\n<li>Todas tus preguntas ser\u00e1n respondidas para asegurarnos de que tengas toda la informaci\u00f3n que necesitas<\/li>\n<\/ul>\n<\/div>\n<h6 class=\"mt-2 fw-bold\">Premios y Reconocimientos<\/h6>\n<p><img loading=\"lazy\" decoding=\"async\" src=\"https:\/\/storage.googleapis.com\/profit-prod\/wp-content\/uploads\/2025\/06\/badge-2.png\" alt=\"badge\" width=\"313\" height=\"106\">\n<\/p>\n<\/div>\n<div class=\"col-lg-5 col-md-10 col-sm-11 p-0\">\n<p class=\"shadow p-5 mx-4\"><script charset=\"utf-8\" type=\"text\/javascript\" src=\"\/\/js-eu1.hsforms.net\/forms\/embed\/v2.js\"><\/script><br \/>\n<script>\n  hbspt.forms.create({\n    portalId: \"26299223\",\n    formId: \"547ce1c4-f11a-4c90-978b-f1806ca3027a\",\n    region: \"eu1\"\n  });\n<\/script><\/p>\n<\/div>\n<\/div>\n<p><!-- \n\n<div id=\"hbspt-form-c341bf6c-7c06-447a-8a4d-78b1eef2c3d8\" class=\"hbspt-form\" data-hs-forms-root=\"true\"><iframe id=\"hs-form-iframe-0\" class=\"hs-form-iframe\" title=\"Form 0\" scrolling=\"no\" width=\"100%\" style=\"position: static; border: none; display: block; overflow: hidden; width: 100%; height: 322px; max-width: 100%; max-height: 1623px;\" height=\"322\"><\/iframe><\/div>\n\n --><\/p>\n<\/div>\n<\/section>\n<style> .demo-card { padding: 30px 0px; } h2 span{color: #2196f3}<\/style>\n<section class=\"pt-4 logo\">\n<div class=\"container\">\n<div class=\"col-sm-12 col-lg-6 col-md-9 m-auto d-flex justify-content-center\">\n<h2 class=\"lh-base text-center\">Miles de marcas, incluidas empresas Fortune 500, conf\u00edan en nuestro software de OKR<\/h2>\n<\/div>\n<\/div>\n<div class=\"logo-slider\">\n<div class=\"logo-slide-track\">\n<div class=\"slide\"><img decoding=\"async\" src=\"https:\/\/storage.googleapis.com\/profit-stag\/wp-content\/uploads\/2024\/11\/customer-logo-01.png\" alt=\"Customer Logo 1\" \/><\/div>\n<div class=\"slide\"><img decoding=\"async\" src=\"https:\/\/storage.googleapis.com\/profit-stag\/wp-content\/uploads\/2024\/11\/customer-logo-02.png\" alt=\"Customer Logo 2\" \/><\/div>\n<div class=\"slide\"><img decoding=\"async\" src=\"https:\/\/storage.googleapis.com\/profit-stag\/wp-content\/uploads\/2024\/11\/customer-logo-03.png\" alt=\"Customer Logo 3\" \/><\/div>\n<div class=\"slide\"><img decoding=\"async\" src=\"https:\/\/storage.googleapis.com\/profit-stag\/wp-content\/uploads\/2024\/11\/customer-logo-04.png\" alt=\"Customer Logo 4\" \/><\/div>\n<div class=\"slide\"><img decoding=\"async\" src=\"https:\/\/storage.googleapis.com\/profit-stag\/wp-content\/uploads\/2024\/11\/customer-logo-05.png\" alt=\"Customer Logo 5\" \/><\/div>\n<div class=\"slide\"><img decoding=\"async\" src=\"https:\/\/storage.googleapis.com\/profit-stag\/wp-content\/uploads\/2024\/11\/customer-logo-06.png\" alt=\"Customer Logo 6\" \/><\/div>\n<div class=\"slide\"><img decoding=\"async\" src=\"https:\/\/storage.googleapis.com\/profit-stag\/wp-content\/uploads\/2024\/11\/customer-logo-07.png\" alt=\"Customer Logo 7\" \/><\/div>\n<div class=\"slide\"><img decoding=\"async\" src=\"https:\/\/storage.googleapis.com\/profit-stag\/wp-content\/uploads\/2024\/11\/customer-logo-08.png\" alt=\"Customer Logo 8\" \/><\/div>\n<div class=\"slide\"><img decoding=\"async\" src=\"https:\/\/storage.googleapis.com\/profit-stag\/wp-content\/uploads\/2024\/11\/customer-logo-09.png\" alt=\"Customer Logo 9\" \/><\/div>\n<div class=\"slide\"><img decoding=\"async\" src=\"https:\/\/storage.googleapis.com\/profit-stag\/wp-content\/uploads\/2024\/11\/customer-logo-10.png\" alt=\"Customer Logo 10\" \/><\/div>\n<div class=\"slide\"><img decoding=\"async\" src=\"https:\/\/storage.googleapis.com\/profit-stag\/wp-content\/uploads\/2024\/11\/customer-logo-11.png\" alt=\"Customer Logo 11\" \/><\/div>\n<div class=\"slide\"><img decoding=\"async\" src=\"https:\/\/storage.googleapis.com\/profit-stag\/wp-content\/uploads\/2024\/11\/customer-logo-12.png\" alt=\"Customer Logo 12\" \/><\/div>\n<div class=\"slide\"><img decoding=\"async\" src=\"https:\/\/storage.googleapis.com\/profit-stag\/wp-content\/uploads\/2024\/11\/customer-logo-13.png\" alt=\"Customer Logo 13\" \/><\/div>\n<div class=\"slide\"><img decoding=\"async\" src=\"https:\/\/storage.googleapis.com\/profit-stag\/wp-content\/uploads\/2024\/11\/customer-logo-14.png\" alt=\"Customer Logo 14\" \/><\/div>\n<div class=\"slide\"><img decoding=\"async\" src=\"https:\/\/storage.googleapis.com\/profit-stag\/wp-content\/uploads\/2024\/11\/customer-logo-15.png\" alt=\"Customer Logo 15\" \/><\/div>\n<div class=\"slide\"><img decoding=\"async\" src=\"https:\/\/storage.googleapis.com\/profit-stag\/wp-content\/uploads\/2024\/11\/customer-logo-16.png\" alt=\"Customer Logo 16\" \/><\/div>\n<div class=\"slide\"><img decoding=\"async\" src=\"https:\/\/storage.googleapis.com\/profit-stag\/wp-content\/uploads\/2024\/11\/customer-logo-17.png\" alt=\"Customer Logo 17\" \/><\/div>\n<div class=\"slide\"><img decoding=\"async\" src=\"https:\/\/storage.googleapis.com\/profit-stag\/wp-content\/uploads\/2024\/11\/customer-logo-18.png\" alt=\"Customer Logo 18\" \/><\/div>\n<div class=\"slide\"><img decoding=\"async\" src=\"https:\/\/storage.googleapis.com\/profit-stag\/wp-content\/uploads\/2024\/11\/customer-logo-19.png\" alt=\"Customer Logo 19\" \/><\/div>\n<div class=\"slide\"><img decoding=\"async\" src=\"https:\/\/storage.googleapis.com\/profit-stag\/wp-content\/uploads\/2024\/11\/customer-logo-20.png\" alt=\"Customer Logo 20\" \/><\/div>\n<div class=\"slide\"><img decoding=\"async\" src=\"https:\/\/storage.googleapis.com\/profit-stag\/wp-content\/uploads\/2024\/11\/customer-logo-21.png\" alt=\"Customer Logo 21\" \/><\/div>\n<div class=\"slide\"><img decoding=\"async\" src=\"https:\/\/storage.googleapis.com\/profit-stag\/wp-content\/uploads\/2024\/11\/customer-logo-01.png\" alt=\"Customer Logo 1\" \/><\/div>\n<div class=\"slide\"><img decoding=\"async\" src=\"https:\/\/storage.googleapis.com\/profit-stag\/wp-content\/uploads\/2024\/11\/customer-logo-02.png\" alt=\"Customer Logo 2\" \/><\/div>\n<div class=\"slide\"><img decoding=\"async\" src=\"https:\/\/storage.googleapis.com\/profit-stag\/wp-content\/uploads\/2024\/11\/customer-logo-03.png\" alt=\"Customer Logo 3\" \/><\/div>\n<div class=\"slide\"><img decoding=\"async\" src=\"https:\/\/storage.googleapis.com\/profit-stag\/wp-content\/uploads\/2024\/11\/customer-logo-04.png\" alt=\"Customer Logo 4\" \/><\/div>\n<div class=\"slide\"><img decoding=\"async\" src=\"https:\/\/storage.googleapis.com\/profit-stag\/wp-content\/uploads\/2024\/11\/customer-logo-05.png\" alt=\"Customer Logo 5\" \/><\/div>\n<div class=\"slide\"><img decoding=\"async\" src=\"https:\/\/storage.googleapis.com\/profit-stag\/wp-content\/uploads\/2024\/11\/customer-logo-06.png\" alt=\"Customer Logo 6\" \/><\/div>\n<div class=\"slide\"><img decoding=\"async\" src=\"https:\/\/storage.googleapis.com\/profit-stag\/wp-content\/uploads\/2024\/11\/customer-logo-07.png\" alt=\"Customer Logo 7\" \/><\/div>\n<div class=\"slide\"><img decoding=\"async\" src=\"https:\/\/storage.googleapis.com\/profit-stag\/wp-content\/uploads\/2024\/11\/customer-logo-08.png\" alt=\"Customer Logo 8\" \/><\/div>\n<div class=\"slide\"><img decoding=\"async\" src=\"https:\/\/storage.googleapis.com\/profit-stag\/wp-content\/uploads\/2024\/11\/customer-logo-09.png\" alt=\"Customer Logo 9\" \/><\/div>\n<div class=\"slide\"><img decoding=\"async\" src=\"https:\/\/storage.googleapis.com\/profit-stag\/wp-content\/uploads\/2024\/11\/customer-logo-10.png\" alt=\"Customer Logo 10\" \/><\/div>\n<div class=\"slide\"><img decoding=\"async\" src=\"https:\/\/storage.googleapis.com\/profit-stag\/wp-content\/uploads\/2024\/11\/customer-logo-11.png\" alt=\"Customer Logo 11\" \/><\/div>\n<div class=\"slide\"><img decoding=\"async\" src=\"https:\/\/storage.googleapis.com\/profit-stag\/wp-content\/uploads\/2024\/11\/customer-logo-12.png\" alt=\"Customer Logo 12\" \/><\/div>\n<div class=\"slide\"><img decoding=\"async\" src=\"https:\/\/storage.googleapis.com\/profit-stag\/wp-content\/uploads\/2024\/11\/customer-logo-13.png\" alt=\"Customer Logo 13\" \/><\/div>\n<div class=\"slide\"><img decoding=\"async\" src=\"https:\/\/storage.googleapis.com\/profit-stag\/wp-content\/uploads\/2024\/11\/customer-logo-14.png\" alt=\"Customer Logo 14\" \/><\/div>\n<div class=\"slide\"><img decoding=\"async\" src=\"https:\/\/storage.googleapis.com\/profit-stag\/wp-content\/uploads\/2024\/11\/customer-logo-15.png\" alt=\"Customer Logo 15\" \/><\/div>\n<div class=\"slide\"><img decoding=\"async\" src=\"https:\/\/storage.googleapis.com\/profit-stag\/wp-content\/uploads\/2024\/11\/customer-logo-16.png\" alt=\"Customer Logo 16\" \/><\/div>\n<div class=\"slide\"><img decoding=\"async\" src=\"https:\/\/storage.googleapis.com\/profit-stag\/wp-content\/uploads\/2024\/11\/customer-logo-17.png\" alt=\"Customer Logo 17\" \/><\/div>\n<div class=\"slide\"><img decoding=\"async\" src=\"https:\/\/storage.googleapis.com\/profit-stag\/wp-content\/uploads\/2024\/11\/customer-logo-18.png\" alt=\"Customer Logo 18\" \/><\/div>\n<div class=\"slide\"><img decoding=\"async\" src=\"https:\/\/storage.googleapis.com\/profit-stag\/wp-content\/uploads\/2024\/11\/customer-logo-19.png\" alt=\"Customer Logo 19\" \/><\/div>\n<div class=\"slide\"><img decoding=\"async\" src=\"https:\/\/storage.googleapis.com\/profit-stag\/wp-content\/uploads\/2024\/11\/customer-logo-20.png\" alt=\"Customer Logo 20\" \/><\/div>\n<div class=\"slide\"><img decoding=\"async\" src=\"https:\/\/storage.googleapis.com\/profit-stag\/wp-content\/uploads\/2024\/11\/customer-logo-21.png\" alt=\"Customer Logo 21\" \/><\/div>\n<\/div>\n<\/div>\n<div class=\"logo-slider\">\n<div class=\"logo-slide-track reverse-logo\">\n<div class=\"slide\"><img decoding=\"async\" src=\"https:\/\/storage.googleapis.com\/profit-stag\/wp-content\/uploads\/2024\/11\/customer-logo-10.png\" alt=\"Customer Logo 10\" \/><\/div>\n<div class=\"slide\"><img decoding=\"async\" src=\"https:\/\/storage.googleapis.com\/profit-stag\/wp-content\/uploads\/2024\/11\/customer-logo-09.png\" alt=\"Customer Logo 9\" \/><\/div>\n<div class=\"slide\"><img decoding=\"async\" src=\"https:\/\/storage.googleapis.com\/profit-stag\/wp-content\/uploads\/2024\/11\/customer-logo-08.png\" alt=\"Customer Logo 8\" \/><\/div>\n<div class=\"slide\"><img decoding=\"async\" src=\"https:\/\/storage.googleapis.com\/profit-stag\/wp-content\/uploads\/2024\/11\/customer-logo-07.png\" alt=\"Customer Logo 7\" \/><\/div>\n<div class=\"slide\"><img decoding=\"async\" src=\"https:\/\/storage.googleapis.com\/profit-stag\/wp-content\/uploads\/2024\/11\/customer-logo-06.png\" alt=\"Customer Logo 6\" \/><\/div>\n<div class=\"slide\"><img decoding=\"async\" src=\"https:\/\/storage.googleapis.com\/profit-stag\/wp-content\/uploads\/2024\/11\/customer-logo-05.png\" alt=\"Customer Logo 5\" \/><\/div>\n<div class=\"slide\"><img decoding=\"async\" src=\"https:\/\/storage.googleapis.com\/profit-stag\/wp-content\/uploads\/2024\/11\/customer-logo-04.png\" alt=\"Customer Logo 4\" \/><\/div>\n<div class=\"slide\"><img decoding=\"async\" src=\"https:\/\/storage.googleapis.com\/profit-stag\/wp-content\/uploads\/2024\/11\/customer-logo-03.png\" alt=\"Customer Logo 3\" \/><\/div>\n<div class=\"slide\"><img decoding=\"async\" src=\"https:\/\/storage.googleapis.com\/profit-stag\/wp-content\/uploads\/2024\/11\/customer-logo-02.png\" alt=\"Customer Logo 2\" \/><\/div>\n<div class=\"slide\"><img decoding=\"async\" src=\"https:\/\/storage.googleapis.com\/profit-stag\/wp-content\/uploads\/2024\/11\/customer-logo-01.png\" alt=\"Customer Logo 1\" \/><\/div>\n<div class=\"slide\"><img decoding=\"async\" src=\"https:\/\/storage.googleapis.com\/profit-stag\/wp-content\/uploads\/2024\/11\/customer-logo-21.png\" alt=\"Customer Logo 21\" \/><\/div>\n<div class=\"slide\"><img decoding=\"async\" src=\"https:\/\/storage.googleapis.com\/profit-stag\/wp-content\/uploads\/2024\/11\/customer-logo-20.png\" alt=\"Customer Logo 20\" \/><\/div>\n<div class=\"slide\"><img decoding=\"async\" src=\"https:\/\/storage.googleapis.com\/profit-stag\/wp-content\/uploads\/2024\/11\/customer-logo-19.png\" alt=\"Customer Logo 19\" \/><\/div>\n<div class=\"slide\"><img decoding=\"async\" src=\"https:\/\/storage.googleapis.com\/profit-stag\/wp-content\/uploads\/2024\/11\/customer-logo-18.png\" alt=\"Customer Logo 18\" \/><\/div>\n<div class=\"slide\"><img decoding=\"async\" src=\"https:\/\/storage.googleapis.com\/profit-stag\/wp-content\/uploads\/2024\/11\/customer-logo-17.png\" alt=\"Customer Logo 17\" \/><\/div>\n<div class=\"slide\"><img decoding=\"async\" src=\"https:\/\/storage.googleapis.com\/profit-stag\/wp-content\/uploads\/2024\/11\/customer-logo-16.png\" alt=\"Customer Logo 16\" \/><\/div>\n<div class=\"slide\"><img decoding=\"async\" src=\"https:\/\/storage.googleapis.com\/profit-stag\/wp-content\/uploads\/2024\/11\/customer-logo-15.png\" alt=\"Customer Logo 15\" \/><\/div>\n<div class=\"slide\"><img decoding=\"async\" src=\"https:\/\/storage.googleapis.com\/profit-stag\/wp-content\/uploads\/2024\/11\/customer-logo-14.png\" alt=\"Customer Logo 14\" \/><\/div>\n<div class=\"slide\"><img decoding=\"async\" src=\"https:\/\/storage.googleapis.com\/profit-stag\/wp-content\/uploads\/2024\/11\/customer-logo-13.png\" alt=\"Customer Logo 13\" \/><\/div>\n<div class=\"slide\"><img decoding=\"async\" src=\"https:\/\/storage.googleapis.com\/profit-stag\/wp-content\/uploads\/2024\/11\/customer-logo-12.png\" alt=\"Customer Logo 12\" \/><\/div>\n<div class=\"slide\"><img decoding=\"async\" src=\"https:\/\/storage.googleapis.com\/profit-stag\/wp-content\/uploads\/2024\/11\/customer-logo-11.png\" alt=\"Customer Logo 11\" \/><\/div>\n<div class=\"slide\"><img decoding=\"async\" src=\"https:\/\/storage.googleapis.com\/profit-stag\/wp-content\/uploads\/2024\/11\/customer-logo-10.png\" alt=\"Customer Logo 10\" \/><\/div>\n<div class=\"slide\"><img decoding=\"async\" src=\"https:\/\/storage.googleapis.com\/profit-stag\/wp-content\/uploads\/2024\/11\/customer-logo-09.png\" alt=\"Customer Logo 9\" \/><\/div>\n<div class=\"slide\"><img decoding=\"async\" src=\"https:\/\/storage.googleapis.com\/profit-stag\/wp-content\/uploads\/2024\/11\/customer-logo-08.png\" alt=\"Customer Logo 8\" \/><\/div>\n<div class=\"slide\"><img decoding=\"async\" src=\"https:\/\/storage.googleapis.com\/profit-stag\/wp-content\/uploads\/2024\/11\/customer-logo-07.png\" alt=\"Customer Logo 7\" \/><\/div>\n<div class=\"slide\"><img decoding=\"async\" src=\"https:\/\/storage.googleapis.com\/profit-stag\/wp-content\/uploads\/2024\/11\/customer-logo-06.png\" alt=\"Customer Logo 6\" \/><\/div>\n<div class=\"slide\"><img decoding=\"async\" src=\"https:\/\/storage.googleapis.com\/profit-stag\/wp-content\/uploads\/2024\/11\/customer-logo-05.png\" alt=\"Customer Logo 5\" \/><\/div>\n<div class=\"slide\"><img decoding=\"async\" src=\"https:\/\/storage.googleapis.com\/profit-stag\/wp-content\/uploads\/2024\/11\/customer-logo-04.png\" alt=\"Customer Logo 4\" \/><\/div>\n<div class=\"slide\"><img decoding=\"async\" src=\"https:\/\/storage.googleapis.com\/profit-stag\/wp-content\/uploads\/2024\/11\/customer-logo-03.png\" alt=\"Customer Logo 3\" \/><\/div>\n<div class=\"slide\"><img decoding=\"async\" src=\"https:\/\/storage.googleapis.com\/profit-stag\/wp-content\/uploads\/2024\/11\/customer-logo-02.png\" alt=\"Customer Logo 2\" \/><\/div>\n<div class=\"slide\"><img decoding=\"async\" src=\"https:\/\/storage.googleapis.com\/profit-stag\/wp-content\/uploads\/2024\/11\/customer-logo-01.png\" alt=\"Customer Logo 1\" \/><\/div>\n<div class=\"slide\"><img decoding=\"async\" src=\"https:\/\/storage.googleapis.com\/profit-stag\/wp-content\/uploads\/2024\/11\/customer-logo-21.png\" alt=\"Customer Logo 21\" \/><\/div>\n<div class=\"slide\"><img decoding=\"async\" src=\"https:\/\/storage.googleapis.com\/profit-stag\/wp-content\/uploads\/2024\/11\/customer-logo-20.png\" alt=\"Customer Logo 20\" \/><\/div>\n<div class=\"slide\"><img decoding=\"async\" src=\"https:\/\/storage.googleapis.com\/profit-stag\/wp-content\/uploads\/2024\/11\/customer-logo-19.png\" alt=\"Customer Logo 19\" \/><\/div>\n<div class=\"slide\"><img decoding=\"async\" src=\"https:\/\/storage.googleapis.com\/profit-stag\/wp-content\/uploads\/2024\/11\/customer-logo-18.png\" alt=\"Customer Logo 18\" \/><\/div>\n<div class=\"slide\"><img decoding=\"async\" src=\"https:\/\/storage.googleapis.com\/profit-stag\/wp-content\/uploads\/2024\/11\/customer-logo-17.png\" alt=\"Customer Logo 17\" \/><\/div>\n<div class=\"slide\"><img decoding=\"async\" src=\"https:\/\/storage.googleapis.com\/profit-stag\/wp-content\/uploads\/2024\/11\/customer-logo-16.png\" alt=\"Customer Logo 16\" \/><\/div>\n<div class=\"slide\"><img decoding=\"async\" src=\"https:\/\/storage.googleapis.com\/profit-stag\/wp-content\/uploads\/2024\/11\/customer-logo-15.png\" alt=\"Customer Logo 15\" \/><\/div>\n<div class=\"slide\"><img decoding=\"async\" src=\"https:\/\/storage.googleapis.com\/profit-stag\/wp-content\/uploads\/2024\/11\/customer-logo-14.png\" alt=\"Customer Logo 14\" \/><\/div>\n<div class=\"slide\"><img decoding=\"async\" src=\"https:\/\/storage.googleapis.com\/profit-stag\/wp-content\/uploads\/2024\/11\/customer-logo-13.png\" alt=\"Customer Logo 13\" \/><\/div>\n<div class=\"slide\"><img decoding=\"async\" src=\"https:\/\/storage.googleapis.com\/profit-stag\/wp-content\/uploads\/2024\/11\/customer-logo-12.png\" alt=\"Customer Logo 12\" \/><\/div>\n<div class=\"slide\"><img decoding=\"async\" src=\"https:\/\/storage.googleapis.com\/profit-stag\/wp-content\/uploads\/2024\/11\/customer-logo-11.png\" alt=\"Customer Logo 11\" \/><\/div>\n<\/div>\n<\/div>\n<\/section>\n<p><script type=\"text\/javascript\" src=\"https:\/\/assets.revenuehero.io\/scheduler.min.js\"><\/script><br \/>\n        <script type=\"text\/javascript\">\n          window.hero = new RevenueHero({ routerId: '3254', locale:'es' })\n          hero.schedule('#hsForm_547ce1c4-f11a-4c90-978b-f1806ca3027a')\n        <\/script><\/p>\n<p><!-- Testimonials --><\/p>\n<section class=\"py-5\">\n<div class=container>\n<h2 class=\"mb-5 text-center\">Lo que dicen nuestros clientes<\/h2>\n<div class=\"g-4 row\">\n<div class=\"col-12 col-lg-4 col-md-6\">\n<div class=\"border-0 card h-100 rounded-4 shadow\">\n<div class=\"card-body p-4\"><span class=\"text-muted fs-1\">\u201c<\/span><\/p>\n<blockquote class=\"mb-0 blockquote\">\n<p class=lh-lg>Tangibly, we doubled sales this year and launched AurumCore, a CITI Spin-off, achieving the goal of selling and implementing it. Our strategic projects, outlined in Profit.co at the beginning of last year, contributed to increased growth and profitability, marking significant milestones.<\/p><\/blockquote>\n<\/div>\n<div class=\"border-0 bg-transparent card-footer pb-4 px-4\">\n<div class=\"align-items-center d-flex\"><img alt=\"David Mitchell\"class=\"me-3 rounded-circle\"height=50 loading=lazy src=https:\/\/storage.googleapis.com\/profit-prod\/wp-content\/uploads\/2025\/07\/illiana_sanchez_citi.png width=50><\/p>\n<div>\n<h6 class=\"mb-0 fw-bold\">Illiana S\u00e1nchez<\/h6>\n<p><small class=text-muted>Business Head<\/small><\/div>\n<\/div>\n<\/div>\n<\/div>\n<\/div>\n<div class=\"col-12 col-lg-4 col-md-6\">\n<div class=\"border-0 card h-100 rounded-4 shadow\">\n<div class=\"card-body p-4\"><span class=\"text-muted fs-1\">\u201c<\/span><\/p>\n<blockquote class=\"mb-0 blockquote\">\n<p class=lh-lg>Profit.co nos ha permitido no solo alcanzar los objetivos, sino tambi\u00e9n identificar lo que no funciona y evitar perder tiempo y recursos en ello.<\/p><\/blockquote>\n<\/div>\n<div class=\"border-0 bg-transparent card-footer pb-4 px-4\">\n<div class=\"align-items-center d-flex\"><img alt=\"Nillie Poole\"class=\"me-3 rounded-circle\"height=50 loading=lazy src=https:\/\/storage.googleapis.com\/profit-prod\/wp-content\/uploads\/2025\/07\/daniela_gallegos.png width=50><\/p>\n<div>\n<h6 class=\"mb-0 fw-bold\">Daniela Gallegos<\/h6>\n<p><small class=text-muted>Ejecutiva Comercial, Renovaciones<\/small><\/div>\n<\/div>\n<\/div>\n<\/div>\n<\/div>\n<div class=\"col-12 col-lg-4 col-md-6\">\n<div class=\"border-0 card h-100 rounded-4 shadow\">\n<div class=\"card-body p-4\"><span class=\"text-muted fs-1\">\u201c<\/span><\/p>\n<blockquote class=\"mb-0 blockquote\">\n<p class=lh-lg>Transformando la Gesti\u00f3n Estrat\u00e9gica: El \u00c9xito de la Universidad Visi\u00f3n de las Am\u00e9ricas con Profit.co y la Metodolog\u00eda OKR<\/p><\/blockquote>\n<\/div>\n<div class=\"border-0 bg-transparent card-footer pb-4 px-4\">\n<div class=\"align-items-center d-flex\"><img alt=\"Hannah Joy Valencia\"class=\"me-3 rounded-circle\"height=50 loading=lazy src=https:\/\/storage.googleapis.com\/profit-prod\/wp-content\/uploads\/2025\/07\/jose_duvan.png width=50><\/p>\n<div>\n<h6 class=\"mb-0 fw-bold\">Jose Duvan V<\/h6>\n<p><small class=text-muted>Coordinador de Gesti\u00f3n Integral Por Siempre Las Am\u00e9ricas<\/small><\/div>\n<\/div>\n<\/div>\n<\/div>\n<\/div>\n<\/div>\n<\/div>\n<\/section>\n<style>.testimonial-quote{font-size:3rem;opacity:.25}.testimonial-card{transition:transform .3s ease}.testimonial-card:hover{transform:translateY(-5px)}<\/style>\n","protected":false},"excerpt":{"rendered":"<p>Ver Profit.co en acci\u00f3n Una breve conversaci\u00f3n sobre las necesidades de tu negocio y de reportes, y c\u00f3mo tu equipo puede usar los productos de Profit.co para acelerar el crecimiento de tu empresa. Demostraci\u00f3n en vivo de nuestra plataforma empresarial, adaptada a tu forma de trabajar Todas tus preguntas ser\u00e1n respondidas para asegurarnos de que&hellip; <a class=\"more-link\" href=\"https:\/\/es.profit.co\/solicitar-demostracion\/\">Continue reading <span class=\"screen-reader-text\">Solicitar Demostraci\u00f3n<\/span><\/a><\/p>\n","protected":false},"author":3,"featured_media":0,"parent":0,"menu_order":0,"comment_status":"closed","ping_status":"closed","template":"","meta":{"footnotes":""},"class_list":["post-97","page","type-page","status-publish","hentry","entry"],"_links":{"self":[{"href":"https:\/\/es.profit.co\/index.php\/wp-json\/wp\/v2\/pages\/97","targetHints":{"allow":["GET"]}}],"collection":[{"href":"https:\/\/es.profit.co\/index.php\/wp-json\/wp\/v2\/pages"}],"about":[{"href":"https:\/\/es.profit.co\/index.php\/wp-json\/wp\/v2\/types\/page"}],"author":[{"embeddable":true,"href":"https:\/\/es.profit.co\/index.php\/wp-json\/wp\/v2\/users\/3"}],"replies":[{"embeddable":true,"href":"https:\/\/es.profit.co\/index.php\/wp-json\/wp\/v2\/comments?post=97"}],"version-history":[{"count":61,"href":"https:\/\/es.profit.co\/index.php\/wp-json\/wp\/v2\/pages\/97\/revisions"}],"predecessor-version":[{"id":797,"href":"https:\/\/es.profit.co\/index.php\/wp-json\/wp\/v2\/pages\/97\/revisions\/797"}],"wp:attachment":[{"href":"https:\/\/es.profit.co\/index.php\/wp-json\/wp\/v2\/media?parent=97"}],"curies":[{"name":"wp","href":"https:\/\/api.w.org\/{rel}","templated":true}]}}